ivided by q(5)?
22
What is the remainder when 91 is divided by (40/(-6) - 0)*(-81)/(-126)*-21?
1
Let d(s) = 4*s**2 + 3*s - 2. Let i be d(1). Suppose i*c - 252 = 4*x, 5*c + 5*x - 258 = 6*x. What is the remainder when 285/(-6)*(-64)/20 is divided by c?
48
Suppose -3*h + 33*u + 689 = 29*u, -h + 4*u = -227. Calculate the remainder when h is divided by 19.
3
Let w(n) = n**2 + 67*n - 7031. What is the remainder when w(-126) is divided by 22?
7
Let j(g) = 4*g**3 - 5*g**2 + 3*g - 2. Suppose 0 = -53*k - 142*k + 3900. What is the remainder when j(3) is divided by k?
10
Let j(t) = 9*t + 1. Let u = -42780 - -42850. What is the remainder when u is divided by j(2)?
13
Let c = 4706 - 4672. Calculate the remainder when 610 is divided by c.
32
Suppose 5*b - 75 = 822*q - 827*q, -4*q - 2*b = -56. Calculate the remainder when 1337 is divided by q.
11
Let t(q) be the third derivative of 0 + 0*q + 12*q**2 - 2/3*q**3 - 1/24*q**4. What is the remainder when 28 is divided by t(-13)?
1
Let z = -11038 + 11648. What is the remainder when z is divided by 302?
6
Suppose 654*y = 522*y + 52211 - 16307. Calculate the remainder when 1331 is divided by y.
243
Let s = 27061 - 23050. What is the remainder when s is divided by 161?
147
Suppose -437*c + 457*c - 6940 = 0. Let h = -21 + 79. Calculate the remainder when c is divided by h.
57
Let o = 23953 - 23904. Calculate the remainder when o is divided by 25.
24
Suppose 20*m - 508 - 732 = 0. Calculate the remainder when m is divided by 38.
24
Suppose 2*i - 19 = i - 5*z, -z = 3*i - 29. Calculate the remainder when ((-3520)/(-24))/(-44)*((-21)/6 + -1) is divided by i.
6
Suppose 0 = -4*d + 2*d + 30. Suppose -4*t + d + 169 = 0. Let m = 142 + 39. Calculate the remainder when m is divided by t.
43
Suppose -y - 5*b + 62 = 0, -4*y + 274 = -5*b - 99. Calculate the remainder when 198 is divided by y.
24
Suppose 29*n + 825 = 54*n. Let k = 215 - 153. What is the remainder when k is divided by n?
29
Let f = -9408 + 9424. What is the remainder when 215 is divided by f?
7
Suppose -3*r - 3*t = -21, 0 = 5*r + 5*t - 2*t - 33. What is the remainder when 5 + (-5 - -3) + r is divided by 7?
2
Let z(t) = 141*t - 227. Let h(m) = 69*m - 114. Let f(a) = 9*h(a) - 4*z(a). What is the remainder when f(5) is divided by 35?
27
Let r be 7 - 3/(5/(10 + -5)). Suppose 0 = r*c - 4, 5*c = 27*q - 32*q + 155. What is the remainder when 207 is divided by q?
27
Let u(v) = 32*v**3 - 78*v**3 - 14*v + 47*v**3 - 3*v**2 + 24. What is the remainder when u(6) is divided by 47?
1
Let t(w) = 7*w**2 + 2*w + 1. Let s(k) = -1 - 3 + 5. Let l(h) = -3*s(h) + t(h). What is the remainder when 59 is divided by l(2)?
29
Let p be (-2)/(-4) + (-8580)/(-120). Suppose p*u - 24 = 68*u. Calculate the remainder when 137 is divided by u.
5
Let a = 577 - -200. Suppose -269 = 692*i - 696*i + 3*n, 0 = i - 4*n - 77. What is the remainder when a is divided by i?
62
Let a(d) = d**2 - 279*d + 9024. Let s(i) = 275*i**2 - i + 1. Calculate the remainder when s(1) is divided by a(242).
65
Calculate the remainder when 780384/693 - 20/210 is divided by 24.
22
Let b = 711 + -633. What is the remainder when b is divided by -3*(0 + (-78)/9)?
0
Let y = 472 + -352. Suppose 8*z = 16*z - y. What is the remainder when 19 is divided by z?
4
Suppose 0 = 2*u + z - 418 + 155, 4*u = -z + 525. Calculate the remainder when 908 is divided by u.
122
Suppose 4*f = -3*j + 267, 5*j - 47 = 2*f - 148. Suppose f = -q + 8*q. Calculate the remainder when 106 is divided by q.
7
Suppose -185*g + 183*g = 12, -120 = -4*d - 2*g - 0*g. Let z = 40 + 40. Calculate the remainder when z is divided by d.
14
Suppose 14*n - 106 = 48. Suppose -4*q + 264 = 4*i, -2*i + 5*q = -i - 42. What is the remainder when i is divided by n?
7
Let t = 6 - 4. Suppose -5*g + t*c = -2*g - 281, -2 = -c. Let q(i) = 399*i + 1645. What is the remainder when g is divided by q(-4)?
46
Suppose -13*j - 24 = -76. Suppose -4*k + j*v = -36, 3*k - 4*v = v + 31. Suppose -18*l + 19*l - k = 0. Calculate the remainder when 30 is divided by l.
2
What is the remainder when (-2)/25 - ((-30)/40 - 1661829/1300) is divided by 38?
25
Let u(s) = -12 + 23 + 0 - 2*s**3 + 18*s**2. Calculate the remainder when u(8) is divided by 23.
1
Let g(b) = 19 - 9 - 30*b**2 - 16*b + 100*b + 9 + b**3. Calculate the remainder when g(27) is divided by 29.
13
Suppose 13*n - 32*n + 170 = -115. What is the remainder when 140 is divided by n?
5
Suppose -7*r + 405 = -2*r. Let w(k) = -k**3 + 71*k**2 - 68*k - 119. Calculate the remainder when r is divided by w(70).
18
Suppose t = 5*x - 400, 219 + 21 = 3*x + t. Suppose -5*j - 5*h = -0*h + 1815, j + 387 = 5*h. Let f = j - -381. Calculate the remainder when x is divided by f.
10
Let s be 30/9*(-12)/(-8). Suppose s*a - 49 = 151. Suppose 2*q = -0*q + 394. What is the remainder when q is divided by a?
37
Let p be 6 - 16/(-20)*-5 - -81. Suppose 2*q - 259 = -p. What is the remainder when q is divided by 30?
28
Let d = 35297 - 33167. What is the remainder when d is divided by 237?
234
Let d(m) = -81*m + 742. What is the remainder when 9695 is divided by d(9)?
10
What is the remainder when (4 - 1485/(-6)) + 4/(-8) is divided by 126?
125
Let u be 2319/12 - -8 - 1/4. Suppose u = 12*i - 363. Calculate the remainder when 187 is divided by i.
46
Let s be (-231 + 1)/(-117 + 115). Let w = -33 + 5. Let f = s + w. Calculate the remainder when f is divided by 10.
7
Let a(w) = -18 + 4*w - 2*w + 127*w**2 - 122*w**2 + w**3. Calculate the remainder when a(3) is divided by 16.
12
Suppose 125*k + 108*k - 2450104 = 4618650. Calculate the remainder when k is divided by 20.
18
Let g be (-147)/14 + 3/(-6). Let s = -87 - -128. Calculate the remainder when s is divided by 3 + -1 + 1 - g.
13
Let a(u) = u**3 - 5*u**2 + u + 37. Let k be a(8). Let r = k + -232. Suppose -4*z + 3 = -33. Calculate the remainder when z is divided by r.
4
Suppose -7*a + 19892 = 19773. What is the remainder when 99 is divided by a?
14
Let r = -4421 + 4468. What is the remainder when 1830 is divided by r?
44
Let r(n) = 4*n**2 - 12*n + 31. Let y be r(6). Let x = -92 + y. Suppose -5*i - 108 = -x*i. What is the remainder when 66 is divided by i?
12
Let o = -4194 - -5730. Calculate the remainder when o is divided by 70.
66
Let s(q) = 2*q**3 - 14*q**2 + 26*q - 39. Let b be s(8). Suppose 20*j = 9*j + b. Calculate the remainder when 373 is divided by j.
22
Let i = -249 + 272. Suppose -18*g = -i*g + 365. What is the remainder when g is divided by 37?
36
Let u(v) = -3*v. Let z be u(9). Let w be 5*(z/(-18) - 2/4). Suppose -w*g + 54 = -16. What is the remainder when g is divided by 3?
2
Let g be (-240 - (1 + -1))*291/194. Let w = -269 - g. Calculate the remainder when w is divided by (-45)/(-2) + 2/4.
22
Let w be ((-46)/6)/((-11)/(-99)). Let u = w - -75. Calculate the remainder when 68 is divided by u.
2
Let d = -41701 - -41758. Let u = 63 - 39. What is the remainder when d is divided by u?
9
Suppose 14*b - 252 = 2506. Suppose -3*s - 2*v + 60 = -b, -v = -3*s + 254. Calculate the remainder when 593 is divided by s.
83
Let x = 20594 - 20474. Calculate the remainder when x is divided by 3.
0
Let j be (2/(-3))/((-71615)/(-14325) - 5). Suppose 5*h + 2*r - j = 0, -542 = -3*h - 0*r + 5*r. What is the remainder when h is divided by 24?
21
Let l(p) = -p**3 - 9*p**2 - 4*p + 8. Let i = 60629 - 60587. What is the remainder when l(-9) is divided by i?
2
Let c = 230 + 96. Suppose 5*r + 31 = c. Let w = 189 - 169. What is the remainder when r is divided by w?
19
Suppose 2*h - 44*u - 2452 = -23*u, -5*h - 3*u = -6130. What is the remainder when h is divided by 175?
1
Suppose -2*i + 4*r + 86 = 0, 8*r + 4 = 4*r. What is the remainder when 1555 is divided by i?
38
Suppose 0 = 3*o + 2*o - 20, -4*b + 3*o = -52. Suppose 3 + 9 = -4*q. Let p(v) = -34*v - 8. Calculate the remainder when p(q) is divided by b.
14
Suppose 5*b + 15 + 94 = -a, 5*b = -5*a - 445. Suppose k - 4*r - 25 = 0, 6*r = -4*k + r + 142. Calculate the remainder when 6/(((-40)/a)/5) is divided by k.
30
Let t = 124 - 114. Suppose t = 4*z - 38. Let v(y) = -2*y**3 - 5*y**2 + 3*y - 3. Calculate the remainder when v(-4) is divided by z.
9
Suppose 90*k = 64*k + 57980. What is the remainder when k is divided by 29?
26
Let t(s) = s**2 - 15*s - 620. What is the remainder when 755 is divided by t(-22)?